001111010010110
What is -a91580 (base 11) in base 14?
-335971
20504 (base 12) to base 2
1010010011010100
Convert 26428441 (base 9) to base 14.
1a29407
What is 210030001 (base 4) in base 5?
14220400
What is -110110001101100101 (base 2) in base 9?
-367535
-e55d0 (base 15) to base 2
-10110001011110100001
Convert 42002312 (base 5) to base 12.
147156
-230020101112 (base 4) to base 14
-1771b70
Convert -10232100 (base 6) to base 8.
-1111504
-22112120010 (base 3) to base 10
-168078
1a705b (base 12) to base 6
14012155
Convert -2b60b (base 15) to base 3.
-21002200102
Convert -438307 (base 9) to base 15.
-52941
What is 2660364 (base 7) in base 2?
1010101101000010011
Convert 859cb (base 13) to base 8.
727011
-4334453 (base 8) to base 5
-244132030
-2639a34 (base 11) to base 3
-22121000011111
23a7361 (base 12) to base 13
158c1a0
Convert -b5448 (base 12) to base 14.
-6270c
-47eda3 (base 15) to base 11
-1a411a6
Convert -70200 (base 9) to base 11.
-3169a
Convert -210330413 (base 5) to base 16.
-d494d
What is -262561 (base 7) in base 9?
-74177
Convert -1101100001000100 (base 2) to base 15.
-1160e
What is 101000100100101 (base 2) in base 12?
10031
Convert -21101120102 (base 3) to base 2.
-100011100001001111
-2100021212112 (base 3) to base 8
-4601107
Convert 41333404 (base 5) to base 10.
339854
What is -5b5b74 (base 16) in base 2?
-10110110101101101110100
-a53b11 (base 16) to base 8
-51235421
Convert 14551650 (base 9) to base 14.
d65ab1
Convert 1134a8 (base 12) to base 15.
5693b
-12202323 (base 5) to base 6
-2252511
Convert -212222021111 (base 3) to base 5.
-110044430
1011111010101100100011 (base 2) to base 12
1067a57
-2705625 (base 8) to base 9
-1372808
What is 347347 (base 9) in base 3?
101121101121
10321014 (base 5) to base 12
43530
-84257 (base 15) to base 6
-12551544
Convert 2331114 (base 5) to base 10.
42659
103032131 (base 5) to base 13
125176
Convert 41253155 (base 6) to base 2.
100100010010100011111
Convert -1365040 (base 9) to base 7.
-6250233
Convert 3a113 (base 11) to base 15.
11ee8
What is -102012202021021 (base 3) in base 8?
-26566602
5743381 (base 9) to base 10
3099295
What is -13ee44 (base 15) in base 14?
-1b069c
-10233200311 (base 4) to base 10
-1243189
233213102 (base 4) to base 12
94a42
Convert -3aa06 (base 11) to base 6.
-1130333
-3310518 (base 9) to base 3
-10100100120122
What is 10000011100100011011 (base 2) in base 15?
a9a22
Convert 1a835 (base 13) to base 4.
30223113
3702653 (base 10) to base 7
43320623
111951 (base 11) to base 4
223133320
-2332322212 (base 4) to base 16
-beea6
What is 2630849 (base 12) in base 15?
9da96c
What is 11726232 (base 8) in base 4?
21322302122
1000010101010010101 (base 2) to base 14
71713
What is 1dcea1 (base 16) in base 11?
1114716
What is -10a5989 (base 11) in base 3?
-10121211201101
-65664 (base 8) to base 16
-6bb4
113733 (base 8) to base 13
14905
-444006 (base 7) to base 9
-128250
Convert -22a4c4 (base 15) to base 3.
-10010002000011
13025334 (base 8) to base 9
5401523
Convert 450714 (base 9) to base 16.
41d0d
What is 148a007 (base 12) in base 14?
7a5955
What is -35a66 (base 14) in base 13?
-47834
What is -2d14b (base 16) in base 10?
-184651
What is -aa381 (base 12) in base 8?
-667621
-14323404 (base 5) to base 16
-250b1
Convert 9203 (base 10) to base 11.
6a07
What is -2011101012012 (base 3) in base 5?
-243232134
Convert 2a532 (base 13) to base 15.
18a6d
Convert -37465 (base 13) to base 7.
-602566
Convert -3351347 (base 8) to base 3.
-1201000202001
What is 1101111000110001 (base 2) in base 5?
3310011
18620721 (base 9) to base 4
203313202003
What is 41321023 (base 6) in base 12?
496173
What is 55a45 (base 13) in base 2?
100101111110010001
Convert 162f (base 16) to base 2.
1011000101111
What is -362744 (base 8) in base 4?
-132113210
a24a56 (base 12) to base 16
26bae2
11113132 (base 6) to base 15
699e8
Convert 1300876 (base 9) to base 14.
1466c9
-c9b6a (base 16) to base 10
-826218
Convert -a27db2 (base 14) to base 12.
-1a01674
Convert 2252111 (base 6) to base 11.
7a020
Convert -11386a6 (base 12) to base 3.
-20020020222200
Convert 1021527 (base 8) to base 12.
110b33
2412321112 (base 5) to base 15
755e8c
56356 (base 15) to base 13
97a10
What is -eaa149 (base 15) in base 5?
-10324442134
Convert 353435 (base 7) to base 12.
30a25
146216 (base 7) to base 5
1403310
Convert -392210 (base 10) to base 7.
-3222320
Convert 20111021112 (base 3) to base 16.
1f322
357252 (base 9) to base 11
137805
Convert 1b2b15 (base 15) to base 9.
2440212
Convert 100223113120 (base 4) to base 5.
2104400203
Convert 138285 (base 10) to base 2.
100001110000101101
What is -13a92d (base 14) in base 12?
-28aa39
Convert -13183 (base 13) to base 15.
-a76d
Convert -45d626 (base 16) to base 12.
-1648746
Convert -404434 (base 11) to base 8.
-2365501
Convert -31022410 (base 6) to base 3.
-1200012100120
What is 400342234 (base 5) in base 7?
16245642
What is 2282148 (base 9) in base 7?
13332506
Convert 4bc9b2 (base 13) to base 5.
431433443
7a511 (base 12) to base 7
1246462
What is -416588a (base 12) in base 9?
-25167517
-34518b (base 15) to base 6
-125312052
What is 103405 (base 7) in base 5?
1034122
Convert -1a8b7 (base 14) to base 13.
-249bb
24120136 (base 8) to base 5
2323041214
Convert 104521 (base 6) to base 14.
330d
What is -2e (base 15) in base 6?
-112
Convert -1121221200111 (base 3) to base 10.
-865093
Convert -2aa460 (base 11) to base 5.
-110413442
-69c4a (base 13) to base 16
-2f2cd
1a65a (base 16) to base 7
630140
What is 2100551 (base 6) in base 9?
163854
-111110100001100111110 (base 2) to base 5
-1011030310
1532077 (base 9) to base 16
cf019
Convert 1000110011000010110110 (base 2) to base 3.
11100011112221
Convert 1dd5d9 (base 16) to base 5.
1000032124
Convert 3c3438 (base 15) to base 2.
1011000011001100111111
-873e0a (base 15) to base 16
-624ea4
Convert -15a233 (base 12) to base 3.
-200210201010
Convert 1719498 (base 11) to base 3.
12111122220011
-1863da (base 15) to base 5
-300414010
Convert 50310142 (base 6) to base 3.
2200100212022
Convert -4022121 (base 6) to base 2.
-101110010100000001
-116846 (base 9) to base 13
-26226
What is 16b274 (base 12) in base 7?
3223462
Convert -1421113244 (base 5) to base 10.
-3691699
235027 (base 8) to base 12
3a647
100111021 (base 4) to base 6
1233401
What is -11b9497 (base 13) in base 16?
-546cae
Convert 101124043 (base 5) to base 7.
3331453
-10020011220102 (base 3) to base 14
-329512
-3377060 (base 10) to base 9
-6316408
What is cc4bc (base 16) in base 11?
521774
Convert 793399 (base 11) to base 8.
4643746
-2776420 (base 11) to base 2
-10010001111010110010010
Convert 175212 (base 10) to base 12.
85490
Convert -1000020100220 (base 3) to base 4.
-2002320102
What is 1608042 (base 9) in base 4?
3121223111
Convert -200011222221 (base 3) to base 12.
-153181
b74900 (base 12) to base 6
141542000
152961 (base 10) to base 16
25581
-4017368 (base 9) to base 12
-871145
4155201 (base 8) to base 10
1104513
Convert -257641 (base 12) to base 14.
-11dc65
72a2a7 (base 12) to base 8
6675437
-30021021 (base 5) to base 9
-388356
What is 600b (base 14) in base 16?
405b
-abb8 (base 13) to base 10
-23980
-2683335 (base 9) to base 12
-5abb12
What is -10100110011101000011 (base 2) in base 10?
-681795
What is 12157714 (base 8) in base 10?
2678732
35b8c0 (base 15) to base 13
6bcc28
Convert -22ab19 (base 13) to base 6.
-25352435
-48014 (base 15) to base 13
-80614
9691384 (base 10) to base 12
32b4534
-800436 (base 10) to base 15
-10c276
-1094564 (base 12) to base 2
-1100001000011100011100
Convert 1122010011211 (base 3) to base 12.
35a641
Convert -2111011101202 (base 3) to base 15.
-1b1a62
Convert -201622630 (base 7) to base 3.
-211010011022111
What is -1141024 (base 8) in base 12?
-130558
What is 45014425 (base 6) in base 16?
14ae51
Convert 124145 (base 10) to base 3.
20022021222
What is 1331463 (base 9) in base 12?
2b2119
Convert -2022221122 (base 3) to base 8.
-131502
What is -10230440 (base 5) in base 4?
-111011202
Convert 60aac9 (base 13) to base 10.
2251583
Convert -6b3929 (base 14) to base 4.
-31331130201
Convert 2134120220 (base 5) to base 8.
21424651
Convert 2fc1d (base 16) to base 15.
3ce5d
Convert -150605404 (base 7) to base 5.
-10024012043
What is -1000120212110 (base 3) in base 12?
-2222a9
Convert -2ac685 (base 13) to ba